{"id":8,"date":"2015-01-16T11:12:41","date_gmt":"2015-01-16T11:12:41","guid":{"rendered":"http:\/\/deiters-schneider-supervision.de\/neu\/?page_id=8"},"modified":"2022-06-05T13:37:14","modified_gmt":"2022-06-05T13:37:14","slug":"supervision","status":"publish","type":"page","link":"http:\/\/deiters-schneider-supervision.de\/?page_id=8","title":{"rendered":"Supervision"},"content":{"rendered":"<p>Supervison ist Beratung und Begleitung in allen Berufsfeldern. \u00dcberall dort wo der Kontakt zu Menschen zum beruflichen Alltag geh\u00f6rt, kann Supervison als ein Beratungsprozess zur Reflexion des beruflichen Handelns eingesetzt werden. Die Supervison er\u00f6ffnet aus Gespr\u00e4chsprozessen heraus neue Perspektiven und Verhaltensm\u00f6glichkeiten.<\/p>\n<p><span style=\"color: #003366;\"><strong><em>Ich u<\/em><\/strong><\/span><img decoding=\"async\" loading=\"lazy\" class=\"alignnone wp-image-558 size-full\" style=\"float: left; padding-right: 15px; padding-left: 0px; border-right: 10pt solid White; border-bottom: 5pt solid White;\" src=\"http:\/\/deiters-schneider-supervision.de\/wp-content\/uploads\/Gundula_Deiters_Schreiber_1801.jpg\" alt=\"Supervision\" width=\"180\" height=\"278\" \/><span style=\"color: #003366;\"><strong><em>nterst\u00fctze und berate Sie in der <br \/>\nSupervision, wenn&#8230;<\/em><\/strong><\/span><\/p>\n<p><span style=\"color: #003366;\"><em>Sie wieder mit mehr Motivation und Freude<br \/> arbeiten wollen.<\/em><\/span><\/p>\n<p><span style=\"color: #003366;\"><em>Sie den Blickwinkel ver\u00e4ndern m\u00f6chten, um neue Perspektiven zu entdecken.<\/em><\/span><\/p>\n<p><span style=\"color: #003366;\"><em>Sie \u201cNeues\u201d in gesch\u00fctztem Rahmen ausprobieren wollen, um Sicherheit f\u00fcr\u00a0den Alltag zu gewinnen.<\/em><br \/>\n<img decoding=\"async\" loading=\"lazy\" class=\"alignnone size-full wp-image-109\" src=\"http:\/\/deiters-schneider-supervision.de\/wp-content\/uploads\/blind1.gif\" alt=\"blind\" width=\"1\" height=\"80\" \/><\/span><\/p>\n<h1 style=\"margin-top: 60px;\">\u00a0<\/h1>\n<p>&nbsp;<\/p>\n<p>&nbsp;<\/p>\n<p>&nbsp;<\/p>\n<h4><strong>Angebote f\u00fcr Sie und Ihr Team<\/strong><\/h4>\n<p><img decoding=\"async\" loading=\"lazy\" src=\"http:\/\/deiters-schneider-supervision.de\/wp-content\/uploads\/karo_blau2.gif\" alt=\"\" width=\"6\" height=\"9\" \/> Teamsupervision<\/p>\n<p><img decoding=\"async\" loading=\"lazy\" src=\"http:\/\/deiters-schneider-supervision.de\/wp-content\/uploads\/karo_blau2.gif\" alt=\"\" width=\"6\" height=\"9\" \/> Fallsupervison<\/p>\n<p><img decoding=\"async\" loading=\"lazy\" src=\"http:\/\/deiters-schneider-supervision.de\/wp-content\/uploads\/karo_blau2.gif\" alt=\"\" width=\"6\" height=\"9\" \/> Supervision f\u00fcr F\u00fchrungskr\u00e4fte<\/p>\n","protected":false},"excerpt":{"rendered":"<p>Supervison ist Beratung und Begleitung in allen Berufsfeldern. \u00dcberall dort wo der Kontakt zu Menschen zum beruflichen Alltag geh\u00f6rt, kann Supervison als ein Beratungsprozess zur&#8230;<\/p>\n","protected":false},"author":5,"featured_media":0,"parent":0,"menu_order":6,"comment_status":"closed","ping_status":"closed","template":"","meta":{"footnotes":""},"_links":{"self":[{"href":"http:\/\/deiters-schneider-supervision.de\/index.php?rest_route=\/wp\/v2\/pages\/8"}],"collection":[{"href":"http:\/\/deiters-schneider-supervision.de\/index.php?rest_route=\/wp\/v2\/pages"}],"about":[{"href":"http:\/\/deiters-schneider-supervision.de\/index.php?rest_route=\/wp\/v2\/types\/page"}],"author":[{"embeddable":true,"href":"http:\/\/deiters-schneider-supervision.de\/index.php?rest_route=\/wp\/v2\/users\/5"}],"replies":[{"embeddable":true,"href":"http:\/\/deiters-schneider-supervision.de\/index.php?rest_route=%2Fwp%2Fv2%2Fcomments&post=8"}],"version-history":[{"count":52,"href":"http:\/\/deiters-schneider-supervision.de\/index.php?rest_route=\/wp\/v2\/pages\/8\/revisions"}],"predecessor-version":[{"id":358,"href":"http:\/\/deiters-schneider-supervision.de\/index.php?rest_route=\/wp\/v2\/pages\/8\/revisions\/358"}],"wp:attachment":[{"href":"http:\/\/deiters-schneider-supervision.de\/index.php?rest_route=%2Fwp%2Fv2%2Fmedia&parent=8"}],"curies":[{"name":"wp","href":"https:\/\/api.w.org\/{rel}","templated":true}]}}